alse
Is 13 a factor of 182?
True
Is 19 a factor of 26072?
False
Is 12038 a multiple of 71?
False
Is 76 a factor of 2584?
True
Is 5220 a multiple of 45?
True
Does 4 divide 5332?
True
Is 14 a factor of 651?
False
Is 468 a multiple of 6?
True
Is 30 a factor of 2745?
False
Is 77 a factor of 4658?
False
Is 4 a factor of 676?
True
Is 996 a multiple of 24?
False
Does 9 divide 3006?
True
Does 93 divide 1674?
True
Does 20 divide 1568?
False
Does 7 divide 1806?
True
Is 8 a factor of 1031?
False
Is 7629 a multiple of 6?
False
Does 14 divide 15080?
False
Is 548 a multiple of 27?
False
Is 21 a factor of 399?
True
Is 62 a multiple of 8?
False
Is 17 a factor of 119?
True
Is 19 a factor of 1430?
False
Is 34 a factor of 4006?
False
Does 7 divide 36711?
False
Is 3182 a multiple of 54?
False
Is 10 a factor of 40?
True
Is 3770 a multiple of 10?
True
Is 50240 a multiple of 80?
True
Is 9 a factor of 233?
False
Is 93 a factor of 4281?
False
Is 45 a multiple of 25?
False
Does 350 divide 14035?
False
Is 4737 a multiple of 8?
False
Is 30700 a multiple of 5?
True
Is 11 a factor of 238?
False
Does 43 divide 1683?
False
Does 42 divide 19194?
True
Is 3949 a multiple of 50?
False
Does 31 divide 963?
False
Does 26 divide 234?
True
Does 54 divide 108?
True
Is 6 a factor of 10140?
True
Is 7 a factor of 1582?
True
Is 17111 a multiple of 99?
False
Is 5 a factor of 1113?
False
Does 19 divide 18278?
True
Does 20 divide 8540?
True
Does 28 divide 28104?
False
Is 21 a factor of 231?
True
Is 16 a factor of 1716?
False
Does 5 divide 155?
True
Is 38 a factor of 684?
True
Is 10339 a multiple of 73?
False
Is 1091 a multiple of 12?
False
Is 515 a multiple of 15?
False
Does 40 divide 13280?
True
Is 36 a multiple of 9?
True
Is 208 a multiple of 8?
True
Does 31 divide 7440?
True
Does 25 divide 248?
False
Does 4 divide 909?
False
Is 7 a factor of 19994?
False
Is 464 a multiple of 14?
False
Does 5 divide 1415?
True
Is 14 a factor of 13243?
False
Is 7894 a multiple of 52?
False
Is 116 a factor of 116?
True
Is 660 a multiple of 11?
True
Is 20 a factor of 32?
False
Is 85 a multiple of 18?
False
Is 18 a factor of 278?
False
Does 17 divide 34?
True
Is 18 a multiple of 9?
True
Does 71 divide 1704?
True
Is 586 a multiple of 19?
False
Is 102 a factor of 22772?
False
Is 1102 a multiple of 38?
True
Does 23 divide 1030?
False
Is 97650 a multiple of 14?
True
Does 85 divide 5355?
True
Is 21920 a multiple of 158?
False
Is 2745 a multiple of 86?
False
Does 12 divide 11457?
False
Is 54 a factor of 5562?
True
Is 167 a factor of 81329?
True
Is 698 a multiple of 111?
False
Does 12 divide 296?
False
Does 14 divide 11591?
False
Does 28 divide 112?
True
Is 10 a factor of 29109?
False
Does 8 divide 1378?
False
Is 588 a multiple of 24?
False
Does 44 divide 30360?
True
Is 29 even?
False
Is 17 a factor of 8411?
False
Is 13 a factor of 9508?
False
Does 6 divide 756?
True
Is 10 a factor of 4490?
True
Is 10 a factor of 390?
True
Is 34 a factor of 7715?
False
Is 12 a factor of 768?
True
Does 74 divide 9176?
True
Does 28 divide 1131?
False
Does 55 divide 7590?
True
Is 489 a multiple of 6?
False
Is 4012 a multiple of 59?
True
Is 3415 a multiple of 91?
False
Is 3024 a multiple of 27?
True
Is 141 a multiple of 3?
True
Does 9 divide 272?
False
Is 14238 a multiple of 42?
True
Is 770 a multiple of 12?
False
Is 12804 a multiple of 64?
False
Is 3 a factor of 424?
False
Does 5 divide 58?
False
Is 40 a factor of 2560?
True
Is 2332 a multiple of 8?
False
Does 88 divide 5280?
True
Does 15 divide 127?
False
Is 6 a factor of 108?
True
Is 2 a factor of 133?
False
Is 2982 a multiple of 17?
False
Is 1550 a multiple of 62?
True
Is 144 a factor of 11664?
True
Does 228 divide 15246?
False
Is 1683 a multiple of 9?
True
Is 13 a factor of 468?
True
Is 94114 a multiple of 51?
False
Is 2175 a multiple of 25?
True
Is 4518 a multiple of 18?
True
Does 23 divide 1461?
False
Is 22 a factor of 285?
False
Is 18 a factor of 630?
True
Does 24 divide 28951?
False
Is 51 a factor of 285?
False
Is 3751 a multiple of 112?
False
Is 5452 a multiple of 136?
False
Does 8 divide 72?
True
Does 15 divide 2666?
False
Does 39 divide 7800?
True
Does 18 divide 27015?
False
Is 116952 a multiple of 32?
False
Is 836 a multiple of 29?
False
Does 39 divide 6279?
True
Is 49 a factor of 735?
True
Does 189 divide 62892?
False
Is 1610 a multiple of 14?
True
Is 6641 a multiple of 27?
False
Is 27 a factor of 13473?
True
Is 6 a factor of 1052?
False
Is 132 a multiple of 11?
True
Does 63 divide 2016?
True
Does 4 divide 252?
True
Does 47 divide 43757?
True
Is 16074 a multiple of 19?
True
Is 41751 a multiple of 82?
False
Is 5 a factor of 91?
False
Is 8 a factor of 490?
False
Does 106 divide 14539?
False
Is 47 a factor of 314?
False
Is 69948 a multiple of 116?
True
Is 522 a multiple of 11?
False
Does 18 divide 4152?
False
Does 10 divide 220?
True
Does 13 divide 182?
True
Is 26 a factor of 1742?
True
Is 21 a factor of 643?
False
Does 10 divide 721?
False
Is 475 a multiple of 14?
False
Is 43 a factor of 602?
True
Is 17 a factor of 7939?
True
Does 58 divide 2320?
True
Does 15 divide 22872?
False
Is 1654 a multiple of 54?
False
Does 8 divide 22360?
True
Is 19 a factor of 2485?
False
Does 24 divide 456?
True
Does 2 divide 691?
False
Does 41 divide 10495?
False
Is 79 a multiple of 79?
True
Is 29 a factor of 21199?
True
Is 166 a multiple of 18?
False
Does 10 divide 390?
True
Does 22 divide 56720?
False
Does 25 divide 9588?
False
Is 25 a factor of 4600?
True
Is 8 a factor of 43421?
False
Does 48 divide 2386?
False
Is 24 a factor of 72?
True
Is 1692 a multiple of 36?
True
Is 45 a factor of 23445?
True
Is 6235 a multiple of 145?
True
Does 54 divide 756?
True
Is 6397 a multiple of 25?
False
Is 408 a multiple of 6?
True
Does 96 divide 925?
False
Does 20 divide 27120?
True
Does 12 divide 3686?
False
Does 21 divide 4225?
False
Is 15 a factor of 135?
True
Is 951 a multiple of 10?
False
Is 25 a factor of 475?
True
Is 13 a factor of 16877?
False
Does 11 divide 1115?
False
Is 20 a factor of 2023?
False
Does 35 divide 35936?
False
Is 82 a factor of 34298?
False
Is 4844 a multiple of 173?
True
Is 203 a multiple of 5?
False
Does 81 divide 20339?
False
Does 37 divide 563?
False
Does 10 divide 5590?
True
Is 63125 a multiple of 101?
True
Is 8 a factor of 779?
False
Does 57 divide 10260?
True
Is 23 a factor of 8107?
False
Is 17 a factor of 1462?
True
Is 54 a factor of 53740?
False
Does 8 divide 17936?
True
Does 9 divide 1899?
True
Is 2 a factor of 3635?
False
Does 3 divide 21?
True
Does 64 divide 29376?
True
Is 522 a multiple of 29?
True
Does 18 divide 8172?
True
Is 8 a factor of 4657?
False
Does 19 divide 74119?
True
Is 85 a multiple of 3?
False
Does 17 divide 5861?
False
Does 148 divide 38036?
True
Is 7204 a multiple of 10?
False
Is 27 a factor of 6655?
False
Does 4 divide 42?
False
Does 76 divide 3762?
False
Is 250 a multiple of 10?
True
Does 32 divide 6373?
False
Is 147 a multiple of 3?
True
Is 32 a multiple of 23?
False
Does 9 divide 216?
True
Does 42 divide 597?
False
Is 114 a factor of 25764?
True
Is 74 a factor of 98124?
True
Does 19 divide 942?
False
Does 50 divide 187?
False
Is 14 a factor of 11120?
False
Does 52 divide 416?
True
Does 83 divide 11454?
True
Is 22 a multiple of 3?
False
Does 16 divide 832?
True
Is 11216 a multiple of 33?
False
Is 21 a factor of 6949?
False
Is 2425 a multiple of 76?
False
Is 18722 a multiple of 74?
True
Is 242 a multiple of 13?
False
Is 43860 a multiple of 6?
True
Is 4065 a multiple of 23?
False
Is 238 a factor of 72828?
True
Is 5588 a multiple of 47?
False
Is 32 a factor of 20832?
True
Is 51321 a multiple of 14?
False
Is 106 a factor of 2756?
True
Is 23 a factor of 598?
True
Does 2 divide 156?
True
Is 1073 a multiple of 6?
False
Does 7 divide 14935?
False
Is 51 a factor of 1721?
False
Is 423 a multiple of 114?
False
Is 2617 a multiple of 5?
False
Is 20581 a multiple of 6?
False
Does 27 divide 138717?
False
Is 72 a factor of 7258?
False
Does 8 divide 1274?
False
Is 1570 a multiple of 84?
False
Is 62 a factor of 625?
False
Is 2094 a multiple of 7?
False
Is 82 a factor of 820?
True
Is 30 a factor of 655?
False
Is 36 a factor of 3024?
True
Does 150 divide 7968?
False
Is 148 a factor of 812?
False
Is 3320 a multiple of 83?
True
Is 12 a factor of 880?
False
Is 30795 a multi